{"id":182,"date":"2025-05-12T21:41:40","date_gmt":"2025-05-12T19:41:40","guid":{"rendered":"https:\/\/www.dazzling-lady.com\/?post_type=product&#038;p=182"},"modified":"2025-05-13T21:17:49","modified_gmt":"2025-05-13T19:17:49","slug":"perruque-100-raw-hair-indiens-avec-lace-frontal-christy","status":"publish","type":"product","link":"https:\/\/www.dazzling-lady.com\/?product=perruque-100-raw-hair-indiens-avec-lace-frontal-christy","title":{"rendered":"Perruque 100% Raw Hair Indiens avec lace Frontal\u00a0\u00ab\u00a0CHRISTY\u00a0\u00bb 18 POUCES"},"content":{"rendered":"<p>CHRISTY est une perruque faite avec des cheveux humains wavy, 100% raw hair indiens.<br \/>\nLes cheveux peuvent se lisser et se bouclent naturellement \u00e0 l\u2019eau. Vous pouvez les laver, les colorer, les d\u00e9colorer et les coiffer comme vos propres cheveux.<\/p>\n<p>Dur\u00e9e de vie : Plusieurs ann\u00e9es.<\/p>\n<p>Les raw Hair indiens sont reconnus pour \u00eatre les meilleurs qualit\u00e9s de cheveux sur le march\u00e9.<\/p>\n<p>Longueur : 18\u2033 soit 45 cm<br \/>\nExp\u00e9dition partout\u00a0dans\u00a0le\u00a0monde.<\/p>\n","protected":false},"excerpt":{"rendered":"<p>CHRISTY est une perruque faite avec des cheveux humains wavy, 100% raw hair indiens. Les cheveux peuvent se lisser et se bouclent naturellement \u00e0 l\u2019eau. Vous pouvez les laver, les colorer, les d\u00e9colorer et les coiffer comme vos propres cheveux. Dur\u00e9e de vie : Plusieurs ann\u00e9es. Les raw Hair indiens sont reconnus pour \u00eatre les&#8230;<\/p>\n","protected":false},"featured_media":168,"comment_status":"open","ping_status":"closed","template":"","meta":{"_kadence_starter_templates_imported_post":false,"_kad_post_transparent":"default","_kad_post_title":"","_kad_post_layout":"default","_kad_post_sidebar_id":"","_kad_post_content_style":"default","_kad_post_vertical_padding":"default","_kad_post_feature":"","_kad_post_feature_position":"","_kad_post_header":false,"_kad_post_footer":false},"product_brand":[],"product_cat":[18],"product_tag":[],"class_list":{"0":"post-182","1":"product","2":"type-product","3":"status-publish","4":"has-post-thumbnail","6":"product_cat-perruques","8":"first","9":"instock","10":"shipping-taxable","11":"purchasable","12":"product-type-simple","13":"add-to-wishlist-before_image","14":"entry","15":"content-bg","16":"loop-entry"},"jetpack_sharing_enabled":true,"_links":{"self":[{"href":"https:\/\/www.dazzling-lady.com\/index.php?rest_route=\/wp\/v2\/product\/182","targetHints":{"allow":["GET"]}}],"collection":[{"href":"https:\/\/www.dazzling-lady.com\/index.php?rest_route=\/wp\/v2\/product"}],"about":[{"href":"https:\/\/www.dazzling-lady.com\/index.php?rest_route=\/wp\/v2\/types\/product"}],"replies":[{"embeddable":true,"href":"https:\/\/www.dazzling-lady.com\/index.php?rest_route=%2Fwp%2Fv2%2Fcomments&post=182"}],"wp:featuredmedia":[{"embeddable":true,"href":"https:\/\/www.dazzling-lady.com\/index.php?rest_route=\/wp\/v2\/media\/168"}],"wp:attachment":[{"href":"https:\/\/www.dazzling-lady.com\/index.php?rest_route=%2Fwp%2Fv2%2Fmedia&parent=182"}],"wp:term":[{"taxonomy":"product_brand","embeddable":true,"href":"https:\/\/www.dazzling-lady.com\/index.php?rest_route=%2Fwp%2Fv2%2Fproduct_brand&post=182"},{"taxonomy":"product_cat","embeddable":true,"href":"https:\/\/www.dazzling-lady.com\/index.php?rest_route=%2Fwp%2Fv2%2Fproduct_cat&post=182"},{"taxonomy":"product_tag","embeddable":true,"href":"https:\/\/www.dazzling-lady.com\/index.php?rest_route=%2Fwp%2Fv2%2Fproduct_tag&post=182"}],"curies":[{"name":"wp","href":"https:\/\/api.w.org\/{rel}","templated":true}]}}